f 21 and 301.
7
Calculate the greatest common factor of 2032 and 127.
127
What is the greatest common factor of 73738 and 161?
161
What is the greatest common factor of 12 and 222?
6
What is the highest common factor of 54 and 27?
27
Calculate the greatest common factor of 74 and 1998.
74
What is the greatest common factor of 6 and 402?
6
Calculate the highest common divisor of 52 and 156.
52
What is the greatest common divisor of 565 and 10?
5
Calculate the highest common factor of 2 and 23.
1
What is the greatest common divisor of 375 and 45?
15
Calculate the greatest common divisor of 20 and 820.
20
What is the greatest common divisor of 34 and 10812?
34
What is the highest common factor of 44 and 33?
11
Calculate the greatest common factor of 66 and 2024.
22
What is the highest common factor of 231 and 31878?
231
Calculate the highest common factor of 1007 and 53.
53
Calculate the highest common divisor of 57 and 2527.
19
What is the highest common factor of 42 and 35?
7
Calculate the highest common divisor of 328 and 205.
41
Calculate the highest common divisor of 133 and 7847.
133
What is the highest common factor of 84 and 3108?
84
Calculate the highest common factor of 180 and 1272.
12
Calculate the greatest common factor of 24 and 348.
12
What is the greatest common factor of 1215 and 360?
45
Calculate the highest common factor of 153 and 9.
9
What is the greatest common divisor of 78 and 2015?
13
What is the greatest common factor of 21 and 91?
7
Calculate the greatest common divisor of 28 and 623.
7
What is the greatest common factor of 369 and 164?
41
Calculate the highest common divisor of 627 and 1551.
33
Calculate the greatest common factor of 1350 and 600.
150
What is the highest common divisor of 205 and 574?
41
What is the highest common divisor of 336 and 32?
16
What is the greatest common divisor of 8 and 20?
4
Calculate the greatest common factor of 42 and 84.
42
Calculate the greatest common factor of 6613 and 119.
17
What is the greatest common factor of 1175 and 15?
5
Calculate the highest common divisor of 152 and 38.
38
Calculate the greatest common divisor of 265 and 40.
5
Calculate the greatest common factor of 3450 and 138.
138
What is the greatest common divisor of 65 and 1339?
13
Calculate the highest common divisor of 7 and 112.
7
Calculate the greatest common divisor of 166 and 26.
2
Calculate the greatest common factor of 104 and 299.
13
What is the highest common divisor of 2328 and 120?
24
Calculate the greatest common divisor of 920 and 60.
20
What is the greatest common factor of 5149 and 152?
19
Calculate the greatest common divisor of 72 and 408.
24
Calculate the highest common divisor of 5840 and 48.
16
Calculate the highest common divisor of 210 and 7.
7
Calculate the highest common divisor of 4 and 596.
4
Calculate the highest common divisor of 481 and 52.
13
Calculate the highest common divisor of 19107 and 9.
9
What is the highest common divisor of 25 and 10?
5
Calculate the greatest common factor of 497 and 213.
71
Calculate the highest common factor of 297 and 216.
27
Calculate the greatest common divisor of 47854 and 142.
142
What is the highest common factor of 294 and 14?
14
Calculate the highest common factor of 10 and 142.
2
Calculate the highest common divisor of 288 and 432.
144
Calculate the highest common divisor of 20 and 160.
20
What is the highest common divisor of 3 and 138?
3
Calculate the highest common factor of 90 and 75.
15
Calculate the highest common divisor of 76127 and 283.
283
What is the greatest common divisor of 3024 and 81?
27
What is the highest common factor of 672 and 27888?
336
Calculate the greatest common divisor of 3 and 913.
1
Calculate the highest common divisor of 78 and 26.
26
Calculate the greatest common factor of 9 and 25371.
9
What is the greatest common divisor of 20 and 3540?
20
What is the greatest common factor of 1241 and 73?
73
Calculate the highest common factor of 525 and 35.
35
What is the greatest common divisor of 71 and 5893?
71
What is the highest common divisor of 760 and 19950?
190
Calculate the highest common factor of 187 and 2354.
11
Calculate the highest common factor of 41 and 369.
41
What is the greatest common factor of 111 and 26751?
111
What is the greatest common factor of 9 and 6462?
9
What is the greatest common divisor of 970 and 291?
97
What is the greatest common divisor of 72 and 16?
8
Calculate the highest common divisor of 1829 and 3953.
59
Calculate the highest common factor of 336 and 12.
12
Calculate the greatest common factor of 216 and 8.
8
Calculate the highest common factor of 315 and 75.
15
Calculate the highest common divisor of 24 and 165.
3
Calculate the highest common divisor of 16 and 176.
16
Calculate the greatest common divisor of 330 and 2750.
110
What is the highest common factor of 5947 and 57?
19
Calculate the greatest common divisor of 30 and 165.
15
What is the greatest common divisor of 70 and 665?
35
What is the greatest common divisor of 54 and 162?
54
What is the highest common divisor of 247 and 65?
13
Calculate the highest common factor of 2329 and 274.
137
What is the greatest common divisor of 17316 and 90?
18
What is the highest common factor of 44 and 517?
11
What is the greatest common divisor of 715 and 39?
13
Calculate the highest common divisor of 118 and 649.
59
What is the greatest common factor of 207 and 24?
3
Calculate the highest common factor of 2579 and 1.
1
Calculate the greatest common factor of 100 and 1100.
100
Calculate the highest common factor of 1085 and 31.
31
Calculate the highest common factor of 3577 and 146.
73
What is the greatest common factor of 118 and 295?
59
Calculate the highest common factor of 132 and 297.
33
Calculate the highest common factor of 110 and 154.
22
What is the highest common divisor of 60 and 705?
15
What is the highest common divisor of 117 and 9?
9
Calculate the greatest common divisor of 1518 and 66.
66
Calculate the greatest common factor of 15 and 5205.
15
What is the greatest common divisor of 405 and 2160?
135
Calculate the highest common divisor of 4 and 128.
4
Calculate the highest common divisor of 7 and 35.
7
What is the greatest common factor of 198 and 90?
18
What is the highest common factor of 87 and 377?
29
Calculate the greatest common factor of 8 and 29912.
8
Calculate the greatest common divisor of 16 and 944.
16
What is the greatest common factor of 999 and 108?
27
What is the highest common divisor of 12 and 2004?
12
Calculate the highest common divisor of 14 and 1876.
14
Calculate the greatest common divisor of 344 and 43.
43
Calculate the greatest common factor of 36 and 164.
4
Calculate the greatest common divisor of 18 and 3.
3
What is the greatest common factor of 336 and 96?
48
What is the highest common divisor of 364 and 28?
28
Calculate the greatest common divisor of 25 and 1.
1
What is the greatest common divisor of 804 and 60?
12
What is the highest common divisor of 7074 and 262?
262
Calculate the greatest common divisor of 290 and 60.
10
What is the highest common divisor of 435 and 5415?
15
What is the highest common divisor of 46 and 23?
23
What is the greatest common divisor of 278 and 15707?
139
Calculate the greatest common factor of 184 and 2424.
8
What is the greatest common divisor of 2 and 1532?
2
Calculate the greatest common factor of 37 and 703.
37
Calculate the greatest common divisor of 154 and 198.
22
What is the greatest common factor of 13 and 91?
13
Calculate the highest common divisor of 677 and 5.
1
Calculate the highest common factor of 90 and 1368.
18
Calculate the greatest common factor of 184 and 1264.
8
Calculate the highest common factor of 1491 and 284.
71
What is the greatest common factor of 80 and 976?
16
Calculate the greatest common divisor of 21 and 77.
7
What is the greatest common divisor of 893 and 1121?
19
Calculate the greatest common divisor of 330 and 135.
15
What is the highest common factor of 11 and 297?
11
What is the greatest common factor of 253 and 115?
23
What is the highest common divisor of 42 and 350?
14
Calculate the greatest common divisor of 30 and 10980.
30
Calculate the highest common divisor of 65 and 1157.
13
Calculate the greatest common divisor of 